uppose -f = i - 32. Suppose 3*t + f = 4*t. What are the prime factors of t?
23
Let j(i) = -i**3 - 8*i**2 - 7*i + 9. Let l = 7 - 4. Suppose -l*c - 32 = 2*s, c - s = 4*s + 12. List the prime factors of j(c).
5, 13
Let z(g) = -g + 3. Suppose -5*y + 20 = -4*b, -b - y = -3 - 1. Let i be z(b). Suppose -i*o + o = -4. List the prime factors of o.
2
Let w be ((-48)/14)/(4/(-14)). What are the prime factors of 8/w*(-639)/(-6)?
71
Let n(u) = 12*u**2 + 25*u + 119. List the prime factors of n(-11).
2, 3
Let h = 580 - 287. Suppose -f + h = 4*f + t, 167 = 3*f + 5*t. List the prime factors of f.
59
Let x(o) = -9*o**2 + 4*o - 15. Let q(w) = 8*w**2 - 2*w + 14. Let n(z) = 5*q(z) + 4*x(z). Let u be 2 - (-1 + 7) - 0. List the prime factors of n(u).
2, 5
Let d(k) = -2*k**3 + 7*k**2 - 5*k + 1. Let i be d(4). Let x = i + 29. Let l = 46 + x. List the prime factors of l.
2, 5
Let v = -22 + 64. Let l = 72 - v. What are the prime factors of l?
2, 3, 5
Suppose -2*w = 2*w - 64. Suppose -5*n + 5 = 2*v - 0, -3*n - w = 5*v. Suppose 30 = 2*f + d - 8, -59 = -n*f - 2*d. What are the prime factors of f?
17
Let x be 0 - (0 - -1) - 20. Let i be -182*(-3)/9 + 60/(-90). Let u = i + x. List the prime factors of u.
3, 13
Let o(q) = q**2 + 3. Let v be o(-6). Let y = 69 - v. What are the prime factors of (-2)/(-6) + 740/y?
5
Let z(w) = 4*w**2 + 5*w - 4. What are the prime factors of z(-6)?
2, 5, 11
Suppose 0 = -485*d + 488*d - 36. Let g(q) = q + 7. Let r be g(-5). What are the prime factors of (r - 0)/(4/d)?
2, 3
Let b = -17 + 8. Let j = b + 9. Let u(w) = w**3 + 13. List the prime factors of u(j).
13
Suppose -3*n - 5*w = -5743, n + 4*w - 1817 - 88 = 0. What are the prime factors of n?
17, 113
Suppose -3*s = -x + 466, -2*x + 1482 - 561 = 5*s. What are the prime factors of x?
463
Let r(n) = -n**3 + 25*n**2 - 133*n - 7. List the prime factors of r(17).
2, 11
Let a(n) = 2*n**2 + 18*n + 70. What are the prime factors of a(-6)?
2, 17
Suppose -46*g = -71657 - 10039. List the prime factors of g.
2, 3, 37
Let g(r) = 13 + 17*r - 33*r + 6*r**3 + 11*r - 5 - r**2. List the prime factors of g(2).
2, 3, 7
Let n(l) = -41*l + 2. Let b be (-20)/28 - 4*(-1)/(-14). List the prime factors of n(b).
43
Let k = 21 + -20. Suppose g + 6 = -k. Let w = 50 - g. What are the prime factors of w?
3, 19
Let n(s) = -s**3 + 15*s**2 + 17*s + 3. Let r be n(16). Let j(y) = 5*y + 60. What are the prime factors of j(r)?
5, 31
Let z(j) = 13*j + 23. Let n be z(6). Suppose n = 3*a - 127. What are the prime factors of a?
2, 19
Let h(f) = f**3 - 4*f**2 - 2*f - 6. Let l be h(5). Let x = l + -9. Suppose x = n - 3*s - 16, 4*s + 75 = 4*n + 3*s. What are the prime factors of n?
19
Let l(z) = z**2 + 3 + 1 + 4 - 5 - 1. Let a(j) = -2*j - 4. Let w be a(-4). List the prime factors of l(w).
2, 3
Suppose 0 = 5*b + 417 + 133. Let h = b - -195. Suppose -3*r = m - h, -4*r = 4*m - 0*m - 124. List the prime factors of r.
3
Suppose 5*l = -4*w + 5105, -3*w - 11*l = -9*l - 3834. What are the prime factors of w?
2, 5
Let v(s) = 32*s**2 + 5*s + 5. What are the prime factors of v(3)?
2, 7, 11
What are the prime factors of ((-14378)/(-130))/(2/10)?
7, 79
Let r(c) = 3*c. Let z be r(2). Let v(a) = -2*a + 3. Let s be v(z). List the prime factors of (19 + -3)*s/(-12).
2, 3
Let p(i) = 443*i**2 - 4. Let l(s) = 221*s**2 - 2. Let u(n) = 5*l(n) - 2*p(n). What are the prime factors of u(-1)?
7, 31
Let h(l) = -l**3 + 4*l**2 + 7*l - 6. Let n be h(5). Suppose 0 = 3*s + x - 284, n*s = 2*x + 129 + 263. List the prime factors of s.
2, 3
Suppose -158*p + 161*p - 4176 = -5*s, 12 = -4*s. List the prime factors of p.
11, 127
Suppose 2*s = 5*h + 310 + 125, 0 = 3*s + h - 695. List the prime factors of s.
2, 5, 23
Let l = 5703 - 3929. List the prime factors of l.
2, 887
Let c(a) = a**2 + 5*a + 2. Suppose 6*g = 2*g - 16. Let f be c(g). Let u(s) = -8*s**3 - 3*s**2 - 3*s - 3. What are the prime factors of u(f)?
5, 11
Let b(m) = m + 15. Let f be (-18)/(-10) - (-2)/10. Suppose -3*d + f = -u + 2*u, -3*d + 4*u - 8 = 0. What are the prime factors of b(d)?
3, 5
Let a(n) = n**2 + 3*n - 7. Let y be a(2). Suppose -y*d = 4*c - 986, -5*d + 1025 + 603 = -c. What are the prime factors of d?
2, 163
Let h = -3702 - -9031. What are the prime factors of h?
73
Let o(l) = -l**3 - 12*l**2 + 7*l - 9. Let y(k) = k**2. Let c(p) = -o(p) - 5*y(p). Let h be c(-8). List the prime factors of h - (1 - 4*8).
2
Suppose -2*x + 1 = l, -4*l = 3*x - 8*l - 18. Suppose -2*n + 211 = 5*d, -4*d - n + 173 = x*n. What are the prime factors of d?
41
Let u be 2/7 + 1300/(-91). What are the prime factors of 1/((-5)/(-15)) - u?
17
Let b be (-1)/3 + (-44)/(-33). Let p(w) = 49*w**3 + w**2 + w - 1. List the prime factors of p(b).
2, 5
Let h = 282 + -122. What are the prime factors of h?
2, 5
Let r = 2 - 0. Suppose 135 = r*d - 5*j, -d + 2*j - 381 = -6*d. Let k = d - 30. What are the prime factors of k?
3, 5
Let t = -13 - -53. Suppose 2*r - t + 16 = 0. What are the prime factors of r?
2, 3
Let p(j) = -6*j**2 + 6*j + 87. Let v(l) = 5*l**2 - 5*l - 86. Let o(s) = -6*p(s) - 7*v(s). List the prime factors of o(0).
2, 5
Let a(p) = p**3 + 37*p**2 + 45*p + 70. List the prime factors of a(-35).
3, 5, 7
Suppose -3*f + 15 = 2*f. Suppose 97 = f*g - 89. List the prime factors of g.
2, 31
Suppose -5*i - 4*c = -28, -2*i + 4*c = -5*i + 20. What are the prime factors of (4/8)/(i/312)?
3, 13
Suppose -3303 = -20*a + 11*a. Let r = -184 + a. List the prime factors of r.
3, 61
Suppose 927 = l - q, 4615 = -0*l + 5*l + 5*q. List the prime factors of l.
5, 37
Let m(i) = 2*i. Let g be m(-8). Let z(h) = 28*h + 44. Let w be z(-3). Let f = g - w. What are the prime factors of f?
2, 3
Let t be 5 + (-3)/3 - -231. Suppose 0*b + 4*b = 5*g - 579, -2*g + 5*b = -t. List the prime factors of g.
5, 23
Let t(v) = -v**3 + 5*v + 1584. What are the prime factors of t(0)?
2, 3, 11
What are the prime factors of ((-11)/(-3) + -3)*321 + 0?
2, 107
Let u = 24 + 0. List the prime factors of (15/(-30))/((-2)/u).
2, 3
Suppose -3*k = 2*q - 11, 3*q - q - k = -9. List the prime factors of 1/(q/9)*-8.
2, 3
Let r be -6*5/(-105) - 7551/(-7). Suppose 0 = 4*c - 3*f - 1200 + 334, 5*c = 2*f + r. What are the prime factors of c?
5, 43
Let r = -29 + 29. Suppose 4*a - 2*c + 6*c - 120 = r, -92 = -3*a - c. List the prime factors of a.
31
Suppose 2*f + 13*z - 10*z = 2027, 5*f - z = 5059. What are the prime factors of f?
2, 11, 23
Let l(k) = 3*k**3 - 2*k**2 + k - 10. Suppose -5*x + 34 = 19. What are the prime factors of l(x)?
2, 7
Suppose 3*k - 3244 = 77. What are the prime factors of k?
3, 41
Let q = 4174 - 1095. List the prime factors of q.
3079
Suppose 5*q + 7 = l, 2*q + 3 = -2*l + 5. Suppose -5 = -3*m - s, -l*s + 9 = -m + 3*s. List the prime factors of ((-1)/2)/(m/(-18)).
3
Let u = 601 + -406. List the prime factors of u.
3, 5, 13
Let p(w) = -3 + 4*w - w - 2*w - 1. Let k(r) = r - 9. Let a(v) = 4*k(v) - 7*p(v). List the prime factors of a(-6).
2, 5
Let t be ((-12)/9)/(2/(-3)). Suppose 0 = t*s - 2*d - 40, -s - 5*d = 2*s - 44. Let a = 30 - s. What are the prime factors of a?
2, 3
Let i = 74 - 75. List the prime factors of 58 - (i/1 - -4).
5, 11
Let k = -720 + 1153. What are the prime factors of k?
433
What are the prime factors of ((-1268)/(-6))/(2*(-1)/(-3))?
317
Suppose 4*l - 6*l + 540 = 0. What are the prime factors of l?
2, 3, 5
List the prime factors of -1 - 0 - (7 + 5 + -182).
13
Suppose -2*l = -1333 - 4387. List the prime factors of l.
2, 5, 11, 13
Suppose -4*s + s - 3*q + 6 = 0, 0 = 5*s - 4*q - 28. Let a be (17/s)/(3/12). Suppose -3*x + 67 = -a. List the prime factors of x.
2, 7
List the prime factors of -8 - -15 - ((-12)/3 - 2818).
3, 23, 41
Suppose 6*h = 11*h + 5*o - 15860, -3*h + o + 9532 = 0. List the prime factors of h.
2, 397
Let x(w) = -w**3 - w**2 + 112. Let i be x(0). Let q = 95 - 95. Suppose q = -5*k + 4*s + i + 7, 4*k - 5*s - 88 = 0. List the prime factors of k.
3
Let n = -4 + 1. Let b = -2 + n. What are the prime factors of 18*((-15)/2)/b?
3
Suppose x - 2192 - 2394 = -w, 2*x - 9179 = 5*w. What are the prime factors of x?
3, 11, 139
Suppose -5*t + 10 = -3*v - 91, 0 = 3*t - 4*v - 65. Let o = t - 15. What are the prime factors of 34/o + (-5)/10?
2
Suppose r = -4*t + 1001, 5*r + 4058 = 9*r - 2*t. What are the prime factors of r?
1013
Let l = -1034 + 1109. What are the prime f